[INFO] cloning repository https://github.com/yukimakura/octree_voxel_stair_detection_calib
[INFO] running `Command { std: "git" "-c" "credential.helper=" "-c" "credential.helper=/workspace/cargo-home/bin/git-credential-null" "clone" "--bare" "https://github.com/yukimakura/octree_voxel_stair_detection_calib" "/workspace/cache/git-repos/https%3A%2F%2Fgithub.com%2Fyukimakura%2Foctree_voxel_stair_detection_calib", kill_on_drop: false }`
[INFO] [stderr] Cloning into bare repository '/workspace/cache/git-repos/https%3A%2F%2Fgithub.com%2Fyukimakura%2Foctree_voxel_stair_detection_calib'...
[INFO] running `Command { std: "git" "rev-parse" "HEAD", kill_on_drop: false }`
[INFO] [stdout] 738698ff268f3106bbf6fa7a39d90e129d7bd749
[INFO] checking yukimakura/octree_voxel_stair_detection_calib against master#af3c6e733a40e671550e0f0f5aeecaa13772ba56 for pr-74989
[INFO] running `Command { std: "git" "clone" "/workspace/cache/git-repos/https%3A%2F%2Fgithub.com%2Fyukimakura%2Foctree_voxel_stair_detection_calib" "/workspace/builds/worker-1/source", kill_on_drop: false }`
[INFO] [stderr] Cloning into '/workspace/builds/worker-1/source'...
[INFO] [stderr] done.
[INFO] validating manifest of git repo https://github.com/yukimakura/octree_voxel_stair_detection_calib on toolchain af3c6e733a40e671550e0f0f5aeecaa13772ba56
[INFO] running `Command { std: "/workspace/cargo-home/bin/cargo" "+af3c6e733a40e671550e0f0f5aeecaa13772ba56" "read-manifest" "--manifest-path" "Cargo.toml", kill_on_drop: false }`
[INFO] started tweaking git repo https://github.com/yukimakura/octree_voxel_stair_detection_calib
[INFO] finished tweaking git repo https://github.com/yukimakura/octree_voxel_stair_detection_calib
[INFO] tweaked toml for git repo https://github.com/yukimakura/octree_voxel_stair_detection_calib written to /workspace/builds/worker-1/source/Cargo.toml
[INFO] crate git repo https://github.com/yukimakura/octree_voxel_stair_detection_calib already has a lockfile, it will not be regenerated
[INFO] running `Command { std: "/workspace/cargo-home/bin/cargo" "+af3c6e733a40e671550e0f0f5aeecaa13772ba56" "fetch" "--locked" "--manifest-path" "Cargo.toml", kill_on_drop: false }`
[INFO] [stderr]     Blocking waiting for file lock on package cache
[INFO] running `Command { std: "docker" "create" "-v" "/var/lib/crater-agent-workspace/builds/worker-1/target:/opt/rustwide/target:rw,Z" "-v" "/var/lib/crater-agent-workspace/builds/worker-1/source:/opt/rustwide/workdir:ro,Z" "-v" "/var/lib/crater-agent-workspace/cargo-home:/opt/rustwide/cargo-home:ro,Z" "-v" "/var/lib/crater-agent-workspace/rustup-home:/opt/rustwide/rustup-home:ro,Z" "-e" "SOURCE_DIR=/opt/rustwide/workdir" "-e" "CARGO_TARGET_DIR=/opt/rustwide/target" "-e" "CARGO_HOME=/opt/rustwide/cargo-home" "-e" "RUSTUP_HOME=/opt/rustwide/rustup-home" "-w" "/opt/rustwide/workdir" "-m" "1610612736" "--user" "0:0" "--network" "none" "rustops/crates-build-env@sha256:d92eaeed33fa75130ca1ee6c8a01d1ffb62bac859dfdfb3450e3e5d1c0146529" "/opt/rustwide/cargo-home/bin/cargo" "+af3c6e733a40e671550e0f0f5aeecaa13772ba56" "metadata" "--no-deps" "--format-version=1", kill_on_drop: false }`
[INFO] [stdout] afc62879c8ed4fe73c31ef46baa2ac9655e2e28a24dbfb182f5e2cd7a649f787
[INFO] [stderr] WARNING: Your kernel does not support swap limit capabilities or the cgroup is not mounted. Memory limited without swap.
[INFO] running `Command { std: "docker" "start" "-a" "afc62879c8ed4fe73c31ef46baa2ac9655e2e28a24dbfb182f5e2cd7a649f787", kill_on_drop: false }`
[INFO] running `Command { std: "docker" "inspect" "afc62879c8ed4fe73c31ef46baa2ac9655e2e28a24dbfb182f5e2cd7a649f787", kill_on_drop: false }`
[INFO] running `Command { std: "docker" "rm" "-f" "afc62879c8ed4fe73c31ef46baa2ac9655e2e28a24dbfb182f5e2cd7a649f787", kill_on_drop: false }`
[INFO] [stdout] afc62879c8ed4fe73c31ef46baa2ac9655e2e28a24dbfb182f5e2cd7a649f787
[INFO] running `Command { std: "docker" "create" "-v" "/var/lib/crater-agent-workspace/builds/worker-1/target:/opt/rustwide/target:rw,Z" "-v" "/var/lib/crater-agent-workspace/builds/worker-1/source:/opt/rustwide/workdir:ro,Z" "-v" "/var/lib/crater-agent-workspace/cargo-home:/opt/rustwide/cargo-home:ro,Z" "-v" "/var/lib/crater-agent-workspace/rustup-home:/opt/rustwide/rustup-home:ro,Z" "-e" "SOURCE_DIR=/opt/rustwide/workdir" "-e" "CARGO_TARGET_DIR=/opt/rustwide/target" "-e" "CARGO_INCREMENTAL=0" "-e" "RUST_BACKTRACE=full" "-e" "RUSTFLAGS=--cap-lints=forbid" "-e" "CARGO_HOME=/opt/rustwide/cargo-home" "-e" "RUSTUP_HOME=/opt/rustwide/rustup-home" "-w" "/opt/rustwide/workdir" "-m" "1610612736" "--user" "0:0" "--network" "none" "rustops/crates-build-env@sha256:d92eaeed33fa75130ca1ee6c8a01d1ffb62bac859dfdfb3450e3e5d1c0146529" "/opt/rustwide/cargo-home/bin/cargo" "+af3c6e733a40e671550e0f0f5aeecaa13772ba56" "check" "--frozen" "--all" "--all-targets" "--message-format=json", kill_on_drop: false }`
[INFO] [stdout] 5adcc858933467672883008031c9b99a7e4489df57c558c2ddb5d11323a2e53f
[INFO] [stderr] WARNING: Your kernel does not support swap limit capabilities or the cgroup is not mounted. Memory limited without swap.
[INFO] running `Command { std: "docker" "start" "-a" "5adcc858933467672883008031c9b99a7e4489df57c558c2ddb5d11323a2e53f", kill_on_drop: false }`
[INFO] [stderr]     Checking cfg-if v0.1.10
[INFO] [stderr]    Compiling rand_core v0.4.2
[INFO] [stderr]    Compiling byteorder v1.3.4
[INFO] [stderr]    Compiling log v0.4.8
[INFO] [stderr]     Checking lazy_static v1.4.0
[INFO] [stderr]    Compiling siphasher v0.2.3
[INFO] [stderr]    Compiling proc-macro2 v1.0.8
[INFO] [stderr]    Compiling unicode-xid v0.2.0
[INFO] [stderr]    Compiling crc32fast v1.2.0
[INFO] [stderr]    Compiling syn v1.0.14
[INFO] [stderr]     Checking safemem v0.3.3
[INFO] [stderr]    Compiling ryu v1.0.2
[INFO] [stderr]    Compiling bitflags v1.2.1
[INFO] [stderr]    Compiling byte-tools v0.3.1
[INFO] [stderr]     Checking ucd-util v0.1.7
[INFO] [stderr]     Checking quick-error v1.2.3
[INFO] [stderr]     Checking adler32 v1.0.4
[INFO] [stderr]    Compiling nix v0.14.1
[INFO] [stderr]     Checking bitflags v0.7.0
[INFO] [stderr]     Checking void v1.0.2
[INFO] [stderr]     Checking bitflags v0.9.1
[INFO] [stderr]    Compiling opaque-debug v0.2.3
[INFO] [stderr]     Checking safemem v0.2.0
[INFO] [stderr]     Checking traitobject v0.1.0
[INFO] [stderr]     Checking language-tags v0.2.2
[INFO] [stderr]     Checking utf8-ranges v1.0.4
[INFO] [stderr]    Compiling nix v0.15.0
[INFO] [stderr]     Checking typeable v0.1.2
[INFO] [stderr]    Compiling regex-syntax v0.6.14
[INFO] [stderr]    Compiling hex v0.4.1
[INFO] [stderr]    Compiling unicase v1.4.2
[INFO] [stderr]    Compiling brotli-sys v0.3.2
[INFO] [stderr]    Compiling error-chain v0.12.1
[INFO] [stderr]    Compiling num-traits v0.2.11
[INFO] [stderr]    Compiling num-integer v0.1.42
[INFO] [stderr]    Compiling semver v0.9.0
[INFO] [stderr]     Checking rand_core v0.3.1
[INFO] [stderr]     Checking thread_local v0.3.6
[INFO] [stderr]    Compiling block-padding v0.1.5
[INFO] [stderr]     Checking regex-syntax v0.5.6
[INFO] [stderr]    Compiling rand_jitter v0.1.4
[INFO] [stderr]     Checking xml-rs v0.3.6
[INFO] [stderr]    Compiling thread_local v1.0.1
[INFO] [stderr]     Checking xml-rs v0.6.1
[INFO] [stderr]    Compiling libc v0.2.66
[INFO] [stderr]    Compiling memchr v2.3.0
[INFO] [stderr]    Compiling typenum v1.11.2
[INFO] [stderr]     Checking idna v0.1.5
[INFO] [stderr]    Compiling rand_hc v0.1.0
[INFO] [stderr]    Compiling rand_isaac v0.1.1
[INFO] [stderr]    Compiling rand_xorshift v0.1.1
[INFO] [stderr]     Checking num_cpus v1.12.0
[INFO] [stderr]     Checking rand v0.4.6
[INFO] [stderr]     Checking dirs v1.0.5
[INFO] [stderr]     Checking rand v0.5.6
[INFO] [stderr]     Checking filetime v0.2.8
[INFO] [stderr]     Checking net2 v0.2.33
[INFO] [stderr]    Compiling rand_pcg v0.1.2
[INFO] [stderr]    Compiling rand_chacha v0.1.1
[INFO] [stderr]     Checking backtrace-sys v0.1.32
[INFO] [stderr]     Checking crossbeam-utils v0.7.0
[INFO] [stderr]     Checking buf_redux v0.8.4
[INFO] [stderr]     Checking twoway v0.1.8
[INFO] [stderr]     Checking aho-corasick v0.6.10
[INFO] [stderr]    Compiling rustc_version v0.2.3
[INFO] [stderr]     Checking serde_bytes v0.10.5
[INFO] [stderr]    Compiling aho-corasick v0.7.8
[INFO] [stderr]     Checking threadpool v1.7.1
[INFO] [stderr]     Checking log v0.3.9
[INFO] [stderr]     Checking url v1.7.2
[INFO] [stderr]     Checking colored v1.9.2
[INFO] [stderr]     Checking backtrace v0.3.44
[INFO] [stderr]     Checking gzip-header v0.3.0
[INFO] [stderr]     Checking crossbeam-channel v0.4.0
[INFO] [stderr]     Checking crossbeam-queue v0.2.1
[INFO] [stderr]    Compiling generic-array v0.12.3
[INFO] [stderr]    Compiling phf_shared v0.7.24
[INFO] [stderr]     Checking serde_json v1.0.47
[INFO] [stderr]     Checking tempdir v0.3.7
[INFO] [stderr]     Checking mime v0.2.6
[INFO] [stderr]     Checking serde-xml-rs v0.2.1
[INFO] [stderr]    Compiling memoffset v0.5.3
[INFO] [stderr]     Checking base64 v0.9.3
[INFO] [stderr]     Checking term v0.5.2
[INFO] [stderr]     Checking base64 v0.6.0
[INFO] [stderr]     Checking error-chain v0.10.0
[INFO] [stderr]    Compiling quote v1.0.2
[INFO] [stderr]     Checking deflate v0.7.20
[INFO] [stderr]    Compiling digest v0.8.1
[INFO] [stderr]    Compiling block-buffer v0.7.3
[INFO] [stderr]     Checking phf v0.7.24
[INFO] [stderr]    Compiling rand_os v0.1.3
[INFO] [stderr]     Checking regex v0.2.11
[INFO] [stderr]     Checking hyper v0.10.16
[INFO] [stderr]    Compiling md-5 v0.8.0
[INFO] [stderr]    Compiling rand v0.6.5
[INFO] [stderr]     Checking crossbeam-epoch v0.8.0
[INFO] [stderr]     Checking chrono v0.4.10
[INFO] [stderr]    Compiling regex v1.3.4
[INFO] [stderr]     Checking crossbeam-deque v0.7.2
[INFO] [stderr]     Checking crossbeam v0.7.3
[INFO] [stderr]     Checking tiny_http v0.6.2
[INFO] [stderr]    Compiling phf_generator v0.7.24
[INFO] [stderr]    Compiling phf_codegen v0.7.24
[INFO] [stderr]    Compiling mime_guess v1.8.7
[INFO] [stderr]     Checking brotli2 v0.3.2
[INFO] [stderr]     Checking ctrlc v3.1.3
[INFO] [stderr]     Checking multipart v0.15.4
[INFO] [stderr]    Compiling serde_derive v1.0.104
[INFO] [stderr]    Compiling rosrust_codegen v0.9.1
[INFO] [stderr]     Checking rouille v3.0.0
[INFO] [stderr]     Checking xml-rpc v0.0.12
[INFO] [stderr]     Checking rosrust v0.9.2
[INFO] [stderr]     Checking octree_voxel_stair_detection_calib v0.1.0 (/opt/rustwide/workdir)
[INFO] [stdout] error: proc macro panicked
[INFO] [stdout]  --> src/main.rs:7:5
[INFO] [stdout]   |
[INFO] [stdout] 7 |     rosrust::rosmsg_include!(visualization_msgs/Marker);
[INFO] [stdout]   |     ^^^^^^^^^^^^^^^^^^^^^^^^^^^^^^^^^^^^^^^^^^^^^^^^^^^^
[INFO] [stdout]   |
[INFO] [stdout]   = help: message: message visualization_msgs/Marker not found in provided directories
[INFO] [stdout]           Directories:
[INFO] [stdout]           
[INFO] [stdout] 
[INFO] [stdout] 
[INFO] [stdout] error: proc macro panicked
[INFO] [stdout]   --> src/main.rs:11:5
[INFO] [stdout]    |
[INFO] [stdout] 11 |     rosrust::rosmsg_include!(std_msgs/Float64);
[INFO] [stdout]    |     ^^^^^^^^^^^^^^^^^^^^^^^^^^^^^^^^^^^^^^^^^^^
[INFO] [stdout]    |
[INFO] [stdout]    = help: message: message std_msgs/Float64 not found in provided directories
[INFO] [stdout]            Directories:
[INFO] [stdout]            
[INFO] [stdout] 
[INFO] [stdout] 
[INFO] [stdout] error[E0433]: failed to resolve: could not find `visualization_msgs` in `v_msg`
[INFO] [stdout]   --> src/main.rs:59:76
[INFO] [stdout]    |
[INFO] [stdout] 59 |     let marker_sub = rosrust::subscribe("/jsk/marker", 10, move |v: v_msg::visualization_msgs::Marker| {
[INFO] [stdout]    |                                                                            ^^^^^^^^^^^^^^^^^^ could not find `visualization_msgs` in `v_msg`
[INFO] [stdout] 
[INFO] [stdout] 
[INFO] [stdout] error: proc macro panicked
[INFO] [stdout]  --> src/main.rs:7:5
[INFO] [stdout]   |
[INFO] [stdout] 7 |     rosrust::rosmsg_include!(visualization_msgs/Marker);
[INFO] [stdout]   |     ^^^^^^^^^^^^^^^^^^^^^^^^^^^^^^^^^^^^^^^^^^^^^^^^^^^^
[INFO] [stdout]   |
[INFO] [stdout]   = help: message: message visualization_msgs/Marker not found in provided directories
[INFO] [stdout]           Directories:
[INFO] [stdout]           
[INFO] [stdout] 
[INFO] [stdout] 
[INFO] [stdout] error: proc macro panicked
[INFO] [stdout]   --> src/main.rs:11:5
[INFO] [stdout]    |
[INFO] [stdout] 11 |     rosrust::rosmsg_include!(std_msgs/Float64);
[INFO] [stdout]    |     ^^^^^^^^^^^^^^^^^^^^^^^^^^^^^^^^^^^^^^^^^^^
[INFO] [stdout]    |
[INFO] [stdout]    = help: message: message std_msgs/Float64 not found in provided directories
[INFO] [stdout]            Directories:
[INFO] [stdout]            
[INFO] [stdout] 
[INFO] [stdout] 
[INFO] [stdout] error[E0433]: failed to resolve: could not find `visualization_msgs` in `v_msg`
[INFO] [stdout]   --> src/main.rs:59:76
[INFO] [stdout]    |
[INFO] [stdout] 59 |     let marker_sub = rosrust::subscribe("/jsk/marker", 10, move |v: v_msg::visualization_msgs::Marker| {
[INFO] [stdout]    |                                                                            ^^^^^^^^^^^^^^^^^^ could not find `visualization_msgs` in `v_msg`
[INFO] [stdout] 
[INFO] [stdout] 
[INFO] [stdout] error[E0433]: failed to resolve: could not find `std_msgs` in `f_msg`
[INFO] [stdout]   --> src/main.rs:63:34
[INFO] [stdout]    |
[INFO] [stdout] 63 |         let mut delta_z = f_msg::std_msgs::Float64::default();
[INFO] [stdout]    |                                  ^^^^^^^^ could not find `std_msgs` in `f_msg`
[INFO] [stdout] 
[INFO] [stdout] 
[INFO] [stdout] error[E0433]: failed to resolve: could not find `geometry_msgs` in `v_msg`
[INFO] [stdout]   --> src/main.rs:64:40
[INFO] [stdout]    |
[INFO] [stdout] 64 |         let mut x0_points : Vec<v_msg::geometry_msgs::Point> = Vec::new();
[INFO] [stdout]    |                                        ^^^^^^^^^^^^^ could not find `geometry_msgs` in `v_msg`
[INFO] [stdout] 
[INFO] [stdout] 
[INFO] [stdout] error[E0433]: failed to resolve: could not find `std_msgs` in `v_msg`
[INFO] [stdout]   --> src/main.rs:66:40
[INFO] [stdout]    |
[INFO] [stdout] 66 |         let mut x0_colors : Vec<v_msg::std_msgs::ColorRGBA> = Vec::new();
[INFO] [stdout]    |                                        ^^^^^^^^ could not find `std_msgs` in `v_msg`
[INFO] [stdout] 
[INFO] [stdout] 
[INFO] [stdout] error[E0433]: failed to resolve: could not find `geometry_msgs` in `v_msg`
[INFO] [stdout]   --> src/main.rs:69:32
[INFO] [stdout]    |
[INFO] [stdout] 69 |         let mut min_y = v_msg::geometry_msgs::Point{x:0.0,y:0.0,z:100.0};
[INFO] [stdout]    |                                ^^^^^^^^^^^^^ could not find `geometry_msgs` in `v_msg`
[INFO] [stdout] 
[INFO] [stdout] 
[INFO] [stdout] error[E0433]: failed to resolve: could not find `geometry_msgs` in `v_msg`
[INFO] [stdout]   --> src/main.rs:70:40
[INFO] [stdout]    |
[INFO] [stdout] 70 |         let mut delta_y_point = v_msg::geometry_msgs::Point::default();
[INFO] [stdout]    |                                        ^^^^^^^^^^^^^ could not find `geometry_msgs` in `v_msg`
[INFO] [stdout] 
[INFO] [stdout] 
[INFO] [stdout] error[E0433]: failed to resolve: could not find `std_msgs` in `v_msg`
[INFO] [stdout]   --> src/main.rs:73:34
[INFO] [stdout]    |
[INFO] [stdout] 73 |                 let red = v_msg::std_msgs::ColorRGBA{r:1.0,g:0.0,b:0.0,a:1.0,};
[INFO] [stdout]    |                                  ^^^^^^^^ could not find `std_msgs` in `v_msg`
[INFO] [stdout] 
[INFO] [stdout] 
[INFO] [stdout] error[E0433]: failed to resolve: could not find `geometry_msgs` in `v_msg`
[INFO] [stdout]   --> src/main.rs:74:39
[INFO] [stdout]    |
[INFO] [stdout] 74 |                 x0_points.push(v_msg::geometry_msgs::Point::clone(item));
[INFO] [stdout]    |                                       ^^^^^^^^^^^^^ could not find `geometry_msgs` in `v_msg`
[INFO] [stdout] 
[INFO] [stdout] 
[INFO] [stdout] error[E0433]: failed to resolve: could not find `geometry_msgs` in `v_msg`
[INFO] [stdout]   --> src/main.rs:78:36
[INFO] [stdout]    |
[INFO] [stdout] 78 |                     min_y = v_msg::geometry_msgs::Point::clone(item);
[INFO] [stdout]    |                                    ^^^^^^^^^^^^^ could not find `geometry_msgs` in `v_msg`
[INFO] [stdout] 
[INFO] [stdout] 
[INFO] [stdout] error[E0433]: failed to resolve: could not find `geometry_msgs` in `v_msg`
[INFO] [stdout]   --> src/main.rs:84:40
[INFO] [stdout]    |
[INFO] [stdout] 84 |                 delta_y_point = v_msg::geometry_msgs::Point::clone(item);
[INFO] [stdout]    |                                        ^^^^^^^^^^^^^ could not find `geometry_msgs` in `v_msg`
[INFO] [stdout] 
[INFO] [stdout] 
[INFO] [stdout] warning: trait objects without an explicit `dyn` are deprecated
[INFO] [stdout]   --> src/main.rs:30:75
[INFO] [stdout]    |
[INFO] [stdout] 30 | fn file_output(path : String , sigma2 : f64 , ave : f64) -> Result<(),Box<std::error::Error>>{
[INFO] [stdout]    |                                                                           ^^^^^^^^^^^^^^^^^ help: use `dyn`: `dyn std::error::Error`
[INFO] [stdout]    |
[INFO] [stdout]    = note: `#[warn(bare_trait_objects)]` on by default
[INFO] [stdout] 
[INFO] [stdout] 
[INFO] [stdout] error[E0433]: failed to resolve: could not find `std_msgs` in `f_msg`
[INFO] [stdout]   --> src/main.rs:63:34
[INFO] [stdout]    |
[INFO] [stdout] 63 |         let mut delta_z = f_msg::std_msgs::Float64::default();
[INFO] [stdout]    |                                  ^^^^^^^^ could not find `std_msgs` in `f_msg`
[INFO] [stdout] 
[INFO] [stdout] 
[INFO] [stdout] error[E0433]: failed to resolve: could not find `geometry_msgs` in `v_msg`
[INFO] [stdout]   --> src/main.rs:64:40
[INFO] [stdout]    |
[INFO] [stdout] 64 |         let mut x0_points : Vec<v_msg::geometry_msgs::Point> = Vec::new();
[INFO] [stdout]    |                                        ^^^^^^^^^^^^^ could not find `geometry_msgs` in `v_msg`
[INFO] [stdout] 
[INFO] [stdout] 
[INFO] [stdout] error[E0433]: failed to resolve: could not find `std_msgs` in `v_msg`
[INFO] [stdout]   --> src/main.rs:66:40
[INFO] [stdout]    |
[INFO] [stdout] 66 |         let mut x0_colors : Vec<v_msg::std_msgs::ColorRGBA> = Vec::new();
[INFO] [stdout]    |                                        ^^^^^^^^ could not find `std_msgs` in `v_msg`
[INFO] [stdout] 
[INFO] [stdout] 
[INFO] [stdout] error[E0433]: failed to resolve: could not find `geometry_msgs` in `v_msg`
[INFO] [stdout]   --> src/main.rs:69:32
[INFO] [stdout]    |
[INFO] [stdout] 69 |         let mut min_y = v_msg::geometry_msgs::Point{x:0.0,y:0.0,z:100.0};
[INFO] [stdout]    |                                ^^^^^^^^^^^^^ could not find `geometry_msgs` in `v_msg`
[INFO] [stdout] 
[INFO] [stdout] 
[INFO] [stdout] error[E0433]: failed to resolve: could not find `geometry_msgs` in `v_msg`
[INFO] [stdout]   --> src/main.rs:70:40
[INFO] [stdout]    |
[INFO] [stdout] 70 |         let mut delta_y_point = v_msg::geometry_msgs::Point::default();
[INFO] [stdout]    |                                        ^^^^^^^^^^^^^ could not find `geometry_msgs` in `v_msg`
[INFO] [stdout] 
[INFO] [stdout] 
[INFO] [stdout] error[E0433]: failed to resolve: could not find `std_msgs` in `v_msg`
[INFO] [stdout]   --> src/main.rs:73:34
[INFO] [stdout]    |
[INFO] [stdout] 73 |                 let red = v_msg::std_msgs::ColorRGBA{r:1.0,g:0.0,b:0.0,a:1.0,};
[INFO] [stdout]    |                                  ^^^^^^^^ could not find `std_msgs` in `v_msg`
[INFO] [stdout] 
[INFO] [stdout] 
[INFO] [stdout] error[E0433]: failed to resolve: could not find `geometry_msgs` in `v_msg`
[INFO] [stdout]   --> src/main.rs:74:39
[INFO] [stdout]    |
[INFO] [stdout] 74 |                 x0_points.push(v_msg::geometry_msgs::Point::clone(item));
[INFO] [stdout]    |                                       ^^^^^^^^^^^^^ could not find `geometry_msgs` in `v_msg`
[INFO] [stdout] 
[INFO] [stdout] 
[INFO] [stdout] error[E0433]: failed to resolve: could not find `geometry_msgs` in `v_msg`
[INFO] [stdout]   --> src/main.rs:78:36
[INFO] [stdout]    |
[INFO] [stdout] 78 |                     min_y = v_msg::geometry_msgs::Point::clone(item);
[INFO] [stdout]    |                                    ^^^^^^^^^^^^^ could not find `geometry_msgs` in `v_msg`
[INFO] [stdout] 
[INFO] [stdout] 
[INFO] [stdout] error[E0433]: failed to resolve: could not find `geometry_msgs` in `v_msg`
[INFO] [stdout]   --> src/main.rs:84:40
[INFO] [stdout]    |
[INFO] [stdout] 84 |                 delta_y_point = v_msg::geometry_msgs::Point::clone(item);
[INFO] [stdout]    |                                        ^^^^^^^^^^^^^ could not find `geometry_msgs` in `v_msg`
[INFO] [stdout] 
[INFO] [stdout] 
[INFO] [stdout] warning: trait objects without an explicit `dyn` are deprecated
[INFO] [stdout]   --> src/main.rs:30:75
[INFO] [stdout]    |
[INFO] [stdout] 30 | fn file_output(path : String , sigma2 : f64 , ave : f64) -> Result<(),Box<std::error::Error>>{
[INFO] [stdout]    |                                                                           ^^^^^^^^^^^^^^^^^ help: use `dyn`: `dyn std::error::Error`
[INFO] [stdout]    |
[INFO] [stdout]    = note: `#[warn(bare_trait_objects)]` on by default
[INFO] [stdout] 
[INFO] [stdout] 
[INFO] [stdout] error: aborting due to 12 previous errors; 1 warning emitted
[INFO] [stdout] 
[INFO] [stdout] 
[INFO] [stdout] For more information about this error, try `rustc --explain E0433`.
[INFO] [stdout] 
[INFO] [stdout] error: aborting due to 12 previous errors; 1 warning emitted
[INFO] [stdout] 
[INFO] [stdout] 
[INFO] [stdout] For more information about this error, try `rustc --explain E0433`.
[INFO] [stdout] 
[INFO] [stderr] error: could not compile `octree_voxel_stair_detection_calib`.
[INFO] [stderr] 
[INFO] [stderr] To learn more, run the command again with --verbose.
[INFO] [stderr] warning: build failed, waiting for other jobs to finish...
[INFO] [stderr] error: build failed
[INFO] running `Command { std: "docker" "inspect" "5adcc858933467672883008031c9b99a7e4489df57c558c2ddb5d11323a2e53f", kill_on_drop: false }`
[INFO] running `Command { std: "docker" "rm" "-f" "5adcc858933467672883008031c9b99a7e4489df57c558c2ddb5d11323a2e53f", kill_on_drop: false }`
[INFO] [stdout] 5adcc858933467672883008031c9b99a7e4489df57c558c2ddb5d11323a2e53f
